{"id":183,"date":"2025-12-12T18:51:32","date_gmt":"2025-12-12T18:51:32","guid":{"rendered":"https:\/\/theking43manobrasradicais.com.br\/?page_id=183"},"modified":"2026-01-07T14:03:46","modified_gmt":"2026-01-07T14:03:46","slug":"midia","status":"publish","type":"page","link":"https:\/\/theking43manobrasradicais.com.br\/?page_id=183","title":{"rendered":"M\u00eddia"},"content":{"rendered":"\t\t<div data-elementor-type=\"wp-page\" data-elementor-id=\"183\" class=\"elementor elementor-183\">\n\t\t\t\t<div class=\"elementor-element elementor-element-1ad0b70 e-flex e-con-boxed wpr-particle-no wpr-jarallax-no wpr-parallax-no wpr-sticky-section-no e-con e-parent\" data-id=\"1ad0b70\" data-element_type=\"container\" data-settings=\"{&quot;background_background&quot;:&quot;classic&quot;}\">\n\t\t\t\t\t<div class=\"e-con-inner\">\n\t\t\t\t\t<\/div>\n\t\t\t\t<\/div>\n\t\t<div class=\"elementor-element elementor-element-070cd31 e-flex e-con-boxed wpr-particle-no wpr-jarallax-no wpr-parallax-no wpr-sticky-section-no e-con e-parent\" data-id=\"070cd31\" data-element_type=\"container\" data-settings=\"{&quot;background_background&quot;:&quot;classic&quot;}\">\n\t\t\t\t\t<div class=\"e-con-inner\">\n\t\t\t\t<div class=\"elementor-element elementor-element-f62de4a animated-slow elementor-invisible elementor-widget elementor-widget-heading\" data-id=\"f62de4a\" data-element_type=\"widget\" data-settings=\"{&quot;_animation&quot;:&quot;lightSpeedIn&quot;}\" data-widget_type=\"heading.default\">\n\t\t\t\t\t<h2 class=\"elementor-heading-title elementor-size-default\">M\u00cdDIA<\/h2>\t\t\t\t<\/div>\n\t\t\t\t\t<\/div>\n\t\t\t\t<\/div>\n\t\t<div class=\"elementor-element elementor-element-ada8142 e-flex e-con-boxed wpr-particle-no wpr-jarallax-no wpr-parallax-no wpr-sticky-section-no e-con e-parent\" data-id=\"ada8142\" data-element_type=\"container\" data-settings=\"{&quot;background_background&quot;:&quot;classic&quot;}\">\n\t\t\t\t\t<div class=\"e-con-inner\">\n\t\t<div class=\"elementor-element elementor-element-c6344c1 e-con-full e-flex wpr-particle-no wpr-jarallax-no wpr-parallax-no wpr-sticky-section-no e-con e-child\" data-id=\"c6344c1\" data-element_type=\"container\" data-settings=\"{&quot;background_background&quot;:&quot;classic&quot;}\">\n\t\t\t\t<div class=\"elementor-element elementor-element-6c8e84b animated-slow elementor-invisible elementor-widget elementor-widget-heading\" data-id=\"6c8e84b\" data-element_type=\"widget\" data-settings=\"{&quot;_animation&quot;:&quot;zoomIn&quot;}\" data-widget_type=\"heading.default\">\n\t\t\t\t\t<h2 class=\"elementor-heading-title elementor-size-default\">A Adrenalina em Alta Defini\u00e7\u00e3o\n<\/h2>\t\t\t\t<\/div>\n\t\t\t\t<div class=\"elementor-element elementor-element-791ec84 elementor-widget elementor-widget-text-editor\" data-id=\"791ec84\" data-element_type=\"widget\" data-widget_type=\"text-editor.default\">\n\t\t\t\t\t\t\t\t\t<p style=\"text-align: center;\">Bem-vindo ao centro de entretenimento da The King 43. Aqui, o movimento n\u00e3o para e a borracha nunca esfria. Capturamos cada \u00e2ngulo, cada manobra e cada rea\u00e7\u00e3o do p\u00fablico para que voc\u00ea possa sentir a energia do nosso show onde quer que esteja.<\/p>\t\t\t\t\t\t\t\t<\/div>\n\t\t\t\t<div class=\"elementor-element elementor-element-b306806 animated-slow elementor-invisible elementor-widget elementor-widget-heading\" data-id=\"b306806\" data-element_type=\"widget\" data-settings=\"{&quot;_animation&quot;:&quot;zoomIn&quot;}\" data-widget_type=\"heading.default\">\n\t\t\t\t\t<h2 class=\"elementor-heading-title elementor-size-default\">Canal Oficial no YouTube<\/h2>\t\t\t\t<\/div>\n\t\t\t\t<div class=\"elementor-element elementor-element-2289dbe elementor-widget elementor-widget-text-editor\" data-id=\"2289dbe\" data-element_type=\"widget\" data-widget_type=\"text-editor.default\">\n\t\t\t\t\t\t\t\t\t<p style=\"text-align: center;\">Assista aos nossos epis\u00f3dios, vlogs de bastidores e as melhores compila\u00e7\u00f5es de manobras. Nosso canal \u00e9 o ponto de encontro de quem respira a cultura automotiva radical.<\/p>\t\t\t\t\t\t\t\t<\/div>\n\t\t\t\t<div class=\"elementor-element elementor-element-a20fff4 elementor-widget__width-initial animated-slow elementor-invisible elementor-widget elementor-widget-video\" data-id=\"a20fff4\" data-element_type=\"widget\" data-settings=\"{&quot;youtube_url&quot;:&quot;https:\\\/\\\/www.youtube.com\\\/watch?v=XHOmBV4js_E&quot;,&quot;_animation&quot;:&quot;zoomIn&quot;,&quot;video_type&quot;:&quot;youtube&quot;,&quot;controls&quot;:&quot;yes&quot;}\" data-widget_type=\"video.default\">\n\t\t\t\t\t\t\t<div class=\"elementor-wrapper elementor-open-inline\">\n\t\t\t<div class=\"elementor-video\"><\/div>\t\t<\/div>\n\t\t\t\t\t\t<\/div>\n\t\t\t\t<div class=\"elementor-element elementor-element-0327208 elementor-align-center animated-slow elementor-invisible elementor-widget elementor-widget-button\" data-id=\"0327208\" data-element_type=\"widget\" data-settings=\"{&quot;_animation&quot;:&quot;pulse&quot;}\" data-widget_type=\"button.default\">\n\t\t\t\t\t\t\t\t\t\t<a class=\"elementor-button elementor-button-link elementor-size-sm\" href=\"#\">\n\t\t\t\t\t\t<span class=\"elementor-button-content-wrapper\">\n\t\t\t\t\t\t\t\t\t<span class=\"elementor-button-text\">INSCREVA-SE NO CANAL<\/span>\n\t\t\t\t\t<\/span>\n\t\t\t\t\t<\/a>\n\t\t\t\t\t\t\t\t<\/div>\n\t\t\t\t<div class=\"elementor-element elementor-element-d97916c animated-slow elementor-invisible elementor-widget elementor-widget-heading\" data-id=\"d97916c\" data-element_type=\"widget\" data-settings=\"{&quot;_animation&quot;:&quot;zoomIn&quot;}\" data-widget_type=\"heading.default\">\n\t\t\t\t\t<h2 class=\"elementor-heading-title elementor-size-default\">Siga a King 43 em Tempo Real\n<\/h2>\t\t\t\t<\/div>\n\t\t\t\t<div class=\"elementor-element elementor-element-775bca0 elementor-widget elementor-widget-text-editor\" data-id=\"775bca0\" data-element_type=\"widget\" data-widget_type=\"text-editor.default\">\n\t\t\t\t\t\t\t\t\t<p>A nossa jornada acontece todos os dias nas redes sociais.<\/p><p>Quer ver os treinos, os perrengues e as vit\u00f3rias da nossa equipe antes de todo mundo?<\/p>\t\t\t\t\t\t\t\t<\/div>\n\t\t\t\t<div class=\"elementor-element elementor-element-02fddcf elementor-widget elementor-widget-text-editor\" data-id=\"02fddcf\" data-element_type=\"widget\" data-widget_type=\"text-editor.default\">\n\t\t\t\t\t\t\t\t\t<p>Instagram: @theking43oficial \u2013 As melhores fotos e Reels di\u00e1rios.<\/p><p>TikTok: @theking43manobras \u2013 Desafios e manobras r\u00e1pidas.<\/p><p>YouTube: @theking43manobrasradicais \u2013 Nossa comunidade e intera\u00e7\u00e3o<\/p>\t\t\t\t\t\t\t\t<\/div>\n\t\t\t\t<div class=\"elementor-element elementor-element-f1029cf animated-slow elementor-invisible elementor-widget elementor-widget-heading\" data-id=\"f1029cf\" data-element_type=\"widget\" data-settings=\"{&quot;_animation&quot;:&quot;zoomIn&quot;}\" data-widget_type=\"heading.default\">\n\t\t\t\t\t<h2 class=\"elementor-heading-title elementor-size-default\">Parceiros\n<\/h2>\t\t\t\t<\/div>\n\t\t\t\t<div class=\"elementor-element elementor-element-f4d72ca elementor-widget elementor-widget-heading\" data-id=\"f4d72ca\" data-element_type=\"widget\" data-widget_type=\"heading.default\">\n\t\t\t\t\t<h2 class=\"elementor-heading-title elementor-size-default\">Mais que v\u00eddeos, entregamos a experi\u00eancia real do asfalto.<\/h2>\t\t\t\t<\/div>\n\t\t\t\t<\/div>\n\t\t\t\t\t<\/div>\n\t\t\t\t<\/div>\n\t\t<div class=\"elementor-element elementor-element-69b5072 e-flex e-con-boxed wpr-particle-no wpr-jarallax-no wpr-parallax-no wpr-sticky-section-no e-con e-parent\" data-id=\"69b5072\" data-element_type=\"container\" data-settings=\"{&quot;background_background&quot;:&quot;classic&quot;}\">\n\t\t\t\t\t<div class=\"e-con-inner\">\n\t\t\t\t\t<\/div>\n\t\t\t\t<\/div>\n\t\t\t\t<\/div>\n\t\t","protected":false},"excerpt":{"rendered":"<p>M\u00cdDIA A Adrenalina em Alta Defini\u00e7\u00e3o Bem-vindo ao centro de entretenimento da The King 43. Aqui, o movimento n\u00e3o para e a borracha nunca esfria. Capturamos cada \u00e2ngulo, cada manobra e cada rea\u00e7\u00e3o do p\u00fablico para que voc\u00ea possa sentir a energia do nosso show onde quer que esteja. Canal Oficial no YouTube Assista aos nossos epis\u00f3dios, vlogs de bastidores e as melhores compila\u00e7\u00f5es de manobras. Nosso canal \u00e9 o ponto de encontro de quem respira a cultura automotiva radical. https:\/\/www.youtube.com\/watch?v=XHOmBV4js_E INSCREVA-SE NO CANAL Siga a King 43 em Tempo Real A nossa jornada acontece todos os dias nas redes sociais. Quer ver os treinos, os perrengues e as vit\u00f3rias da nossa equipe antes de todo mundo? Instagram: @theking43oficial \u2013 As melhores fotos e Reels di\u00e1rios. TikTok: @theking43manobras \u2013 Desafios e manobras r\u00e1pidas. YouTube: @theking43manobrasradicais \u2013 Nossa comunidade e intera\u00e7\u00e3o Parceiros Mais que v\u00eddeos, entregamos a experi\u00eancia real do asfalto.<\/p>\n","protected":false},"author":1,"featured_media":0,"parent":0,"menu_order":0,"comment_status":"closed","ping_status":"closed","template":"elementor_header_footer","meta":{"footnotes":""},"class_list":["post-183","page","type-page","status-publish","hentry"],"_links":{"self":[{"href":"https:\/\/theking43manobrasradicais.com.br\/index.php?rest_route=\/wp\/v2\/pages\/183","targetHints":{"allow":["GET"]}}],"collection":[{"href":"https:\/\/theking43manobrasradicais.com.br\/index.php?rest_route=\/wp\/v2\/pages"}],"about":[{"href":"https:\/\/theking43manobrasradicais.com.br\/index.php?rest_route=\/wp\/v2\/types\/page"}],"author":[{"embeddable":true,"href":"https:\/\/theking43manobrasradicais.com.br\/index.php?rest_route=\/wp\/v2\/users\/1"}],"replies":[{"embeddable":true,"href":"https:\/\/theking43manobrasradicais.com.br\/index.php?rest_route=%2Fwp%2Fv2%2Fcomments&post=183"}],"version-history":[{"count":163,"href":"https:\/\/theking43manobrasradicais.com.br\/index.php?rest_route=\/wp\/v2\/pages\/183\/revisions"}],"predecessor-version":[{"id":1599,"href":"https:\/\/theking43manobrasradicais.com.br\/index.php?rest_route=\/wp\/v2\/pages\/183\/revisions\/1599"}],"wp:attachment":[{"href":"https:\/\/theking43manobrasradicais.com.br\/index.php?rest_route=%2Fwp%2Fv2%2Fmedia&parent=183"}],"curies":[{"name":"wp","href":"https:\/\/api.w.org\/{rel}","templated":true}]}}